rime factors of 6459?
3, 2153
What are the prime factors of 131307?
3, 11, 23, 173
What are the prime factors of 199177?
11, 19, 953
List the prime factors of 36584.
2, 17, 269
What are the prime factors of 543?
3, 181
What are the prime factors of 62417?
62417
What are the prime factors of 623?
7, 89
List the prime factors of 2102.
2, 1051
List the prime factors of 3155.
5, 631
List the prime factors of 11674.
2, 13, 449
What are the prime factors of 65327?
65327
What are the prime factors of 29934?
2, 3, 1663
What are the prime factors of 2702?
2, 7, 193
What are the prime factors of 2117?
29, 73
What are the prime factors of 3491?
3491
What are the prime factors of 12637?
12637
List the prime factors of 7987.
7, 163
What are the prime factors of 95896?
2, 11987
What are the prime factors of 7055?
5, 17, 83
What are the prime factors of 13950?
2, 3, 5, 31
List the prime factors of 1495.
5, 13, 23
List the prime factors of 74963.
7, 10709
What are the prime factors of 1603?
7, 229
What are the prime factors of 35672?
2, 7, 13
List the prime factors of 30779.
7, 4397
List the prime factors of 21379.
21379
What are the prime factors of 1298?
2, 11, 59
List the prime factors of 159854.
2, 257, 311
What are the prime factors of 4590?
2, 3, 5, 17
What are the prime factors of 2985?
3, 5, 199
List the prime factors of 64912.
2, 4057
List the prime factors of 3973.
29, 137
What are the prime factors of 1899?
3, 211
List the prime factors of 945.
3, 5, 7
List the prime factors of 3317.
31, 107
List the prime factors of 296.
2, 37
What are the prime factors of 252?
2, 3, 7
List the prime factors of 1207.
17, 71
List the prime factors of 21510.
2, 3, 5, 239
What are the prime factors of 10324?
2, 29, 89
What are the prime factors of 4621?
4621
List the prime factors of 10092.
2, 3, 29
List the prime factors of 77314.
2, 29, 31, 43
What are the prime factors of 1424?
2, 89
List the prime factors of 3341.
13, 257
List the prime factors of 19781.
131, 151
List the prime factors of 41.
41
List the prime factors of 3083.
3083
List the prime factors of 1371.
3, 457
List the prime factors of 71826.
2, 3, 11971
What are the prime factors of 2258?
2, 1129
What are the prime factors of 1456?
2, 7, 13
What are the prime factors of 17949?
3, 31, 193
List the prime factors of 3341.
13, 257
What are the prime factors of 126478?
2, 11, 5749
What are the prime factors of 9803?
9803
List the prime factors of 12027.
3, 19, 211
List the prime factors of 2092.
2, 523
What are the prime factors of 2300?
2, 5, 23
List the prime factors of 21135.
3, 5, 1409
List the prime factors of 109114.
2, 89, 613
What are the prime factors of 83035?
5, 16607
List the prime factors of 254.
2, 127
What are the prime factors of 3546?
2, 3, 197
What are the prime factors of 28486?
2, 14243
What are the prime factors of 2177?
7, 311
List the prime factors of 554.
2, 277
What are the prime factors of 697?
17, 41
List the prime factors of 2356.
2, 19, 31
What are the prime factors of 7656?
2, 3, 11, 29
List the prime factors of 1718.
2, 859
List the prime factors of 685.
5, 137
List the prime factors of 30394.
2, 7, 13, 167
List the prime factors of 3358.
2, 23, 73
What are the prime factors of 1591?
37, 43
List the prime factors of 4439.
23, 193
What are the prime factors of 918?
2, 3, 17
List the prime factors of 1702.
2, 23, 37
What are the prime factors of 57114?
2, 3, 19, 167
List the prime factors of 43882.
2, 37, 593
What are the prime factors of 1491?
3, 7, 71
What are the prime factors of 2388?
2, 3, 199
What are the prime factors of 15257?
11, 19, 73
List the prime factors of 1573.
11, 13
List the prime factors of 331.
331
What are the prime factors of 5556?
2, 3, 463
List the prime factors of 10094.
2, 7, 103
List the prime factors of 69278.
2, 11, 47, 67
What are the prime factors of 5266?
2, 2633
What are the prime factors of 2466?
2, 3, 137
List the prime factors of 3384.
2, 3, 47
List the prime factors of 37750.
2, 5, 151
What are the prime factors of 75344?
2, 17, 277
What are the prime factors of 11038?
2, 5519
List the prime factors of 1223.
1223
List the prime factors of 218.
2, 109
List the prime factors of 710.
2, 5, 71
List the prime factors of 2450.
2, 5, 7
List the prime factors of 22291.
22291
List the prime factors of 131108.
2, 73, 449
List the prime factors of 605.
5, 11
What are the prime factors of 5698?
2, 7, 11, 37
List the prime factors of 14156.
2, 3539
What are the prime factors of 24993?
3, 2777
What are the prime factors of 5565?
3, 5, 7, 53
What are the prime factors of 8462?
2, 4231
List the prime factors of 95.
5, 19
What are the prime factors of 2739?
3, 11, 83
List the prime factors of 52631.
52631
What are the prime factors of 1385?
5, 277
List the prime factors of 3095.
5, 619
List the prime factors of 2849.
7, 11, 37
What are the prime factors of 14355?
3, 5, 11, 29
List the prime factors of 2470.
2, 5, 13, 19
List the prime factors of 5784.
2, 3, 241
What are the prime factors of 1366?
2, 683
What are the prime factors of 91?
7, 13
What are the prime factors of 19174?
2, 9587
What are the prime factors of 1481?
1481
What are the prime factors of 7492?
2, 1873
List the prime factors of 4475.
5, 179
List the prime factors of 766.
2, 383
What are the prime factors of 422?
2, 211
What are the prime factors of 1671?
3, 557
What are the prime factors of 4984?
2, 7, 89
List the prime factors of 2143.
2143
What are the prime factors of 499?
499
List the prime factors of 918.
2, 3, 17
What are the prime factors of 2363?
17, 139
What are the prime factors of 65930?
2, 5, 19, 347
What are the prime factors of 8403?
3, 2801
What are the prime factors of 1749?
3, 11, 53
What are the prime factors of 905?
5, 181
List the prime factors of 64467.
3, 13, 19, 29
List the prime factors of 625.
5
What are the prime factors of 1094?
2, 547
List the prime factors of 4457.
4457
List the prime factors of 85.
5, 17
List the prime factors of 42292.
2, 97, 109
List the prime factors of 29161.
11, 241
List the prime factors of 1262.
2, 631
List the prime factors of 4281.
3, 1427
List the prime factors of 5411.
7, 773
What are the prime factors of 51008?
2, 797
What are the prime factors of 19289?
19289
List the prime factors of 42923.
42923
List the prime factors of 5178.
2, 3, 863
List the prime factors of 102658.
2, 51329
What are the prime factors of 38520?
2, 3, 5, 107
What are the prime factors of 8800?
2, 5, 11
List the prime factors of 2628.
2, 3, 73
List the prime factors of 99779.
113, 883
List the prime factors of 4445.
5, 7, 127
What are the prime factors of 1813?
7, 37
What are the prime factors of 13500?
2, 3, 5
What are the prime factors of 46?
2, 23
What are the prime factors of 7595?
5, 7, 31
What are the prime factors of 566?
2, 283
List the prime factors of 10637.
11, 967
What are the prime factors of 26803?
7, 547
List the prime factors of 13259.
13259
List the prime factors of 12344.
2, 1543
What are the prime factors of 5146?
2, 31, 83
List the prime factors of 48223.
7, 83
What are the prime factors of 15412?
2, 3853
What are the prime factors of 6856?
2, 857
List the prime factors of 949.
13, 73
List the prime factors of 42274.
2, 23, 919
What are the prime factors of 15970?
2, 5, 1597
List the prime factors of 3928.
2, 491
List the prime factors of 1195.
5, 239
List the prime factors of 3367.
7, 13, 37
List the prime factors of 7104.
2, 3, 37
What are the prime factors of 3461?
3461
List the prime factors of 1447.
1447
What are the prime factors of 2084?
2, 521
What are the prime factors of 689?
13, 53
List the prime factors of 102539.
102539
List the prime factors of 2268.
2, 3, 7
What are the prime factors of 7026?
2, 3, 1171
What are the prime factors of 11786?
2, 71, 83
What are the prime factors of 3351?
3, 1117
List the prime factors of 643.
643
What are the prime factors of 109?
109
List the prime factors of 61611.
3, 11, 1867
List the prime factors of 11562.
2, 3, 41, 47
List the prime factors of 1754.
2, 877
List the prime factors of 1547.
7, 13, 17
List the prime factors of 6925.
5, 277
List the prime factors of 126389.
211, 599
List the prime factors of 34039.
34039
List the prime factors of 41338.
2, 11, 1879
What are the prime factors